it of v(3)?
7
Let h = 4 - 4. Suppose h = 5*w + 90 - 0. Let i = -7 - w. What is the units digit of i?
1
Let j = -12 - -15. Suppose -1 = -3*c - 4*w, 34 + 2 = j*c - 3*w. What is the units digit of c?
7
Suppose 15 = j + 2*j. Suppose 5*s = -5*n + n + 9, j*s - 45 = 5*n. What is the units digit of s?
5
Let w(u) = -7*u**3 + 25*u**2 + 21*u + 29. Let m(s) = 3*s**3 - 12*s**2 - 10*s - 14. Let d(r) = -9*m(r) - 4*w(r). What is the tens digit of d(-7)?
1
Let d be (-3)/(-1 - (-30)/33). Suppose -2*h = h - d. What is the units digit of h?
1
Suppose -4*k - 4*p - 28 = 0, 4*p + 29 - 6 = -3*k. Let h = 15 + k. What is the tens digit of h?
1
Let f(r) = 15*r + 1. Let k be f(-2). Let s = 69 + k. Suppose 0*j - 5*j + s = 0. What is the units digit of j?
8
Let z(i) = 2*i**2 + i + 2. Let p(t) = 0*t - 3*t - t - 8 + 3*t. Let c be p(-6). What is the units digit of z(c)?
8
Suppose 0 = 4*u - 5*t + 1, -u + 2 = 2*u - t. What is the units digit of u?
1
Suppose 2*k + 4 = -8. Let t(h) = 7*h**3 + 3*h**2 + 16*h - 7. Let z(f) = 6*f**3 + 4*f**2 + 15*f - 6. Let y(d) = k*z(d) + 5*t(d). What is the tens digit of y(-8)?
1
Suppose -2*h + 17 = 3*h - r, 4*r = -8. Let m be 14/8*(-10 + 14). Let q = m - h. What is the units digit of q?
4
Let l be 8/4 - (1 + -3). Suppose o - l*v - 23 = 0, -9 = o - 3*v - 29. What is the units digit of o?
1
What is the units digit of (5 - -7)/3 + 3*43?
3
Let a(x) = -8*x**3 + 2*x**2 - 1. Suppose 2*s - 9 = 5*s + 3*b, 5*s + 2*b = 0. Suppose s = -n - n. What is the units digit of a(n)?
9
Let z be 0/5*2/(-4). Let g = -1 - z. What is the units digit of (g/(-2))/(2/36)?
9
Let b(r) = r**3 + 6*r**2 - 7*r + 5. Let c(x) be the first derivative of -x**3/3 + x**2/2 - 7*x + 2. Let a be c(0). What is the units digit of b(a)?
5
Let n(s) = -4*s + 1. Let f be n(-1). Suppose -f*b - 2*z + 8 = 0, 0 = -5*b + 4*z - z + 13. What is the units digit of b?
2
Let w = -34 - -61. What is the units digit of w?
7
Let j(n) = 2*n + 3. Let o be j(5). Let d = -9 + o. What is the units digit of d?
4
Suppose 0 = -r - r + 104. What is the units digit of r?
2
Suppose 4*w - w - 12 = 0. Suppose 0 = w*y - 5*r - 98, 4*y + 2*r + 0*r - 84 = 0. What is the tens digit of y?
2
Let i(a) be the first derivative of -a**3/3 - 3*a**2 + 7*a + 3. What is the units digit of i(-5)?
2
Suppose 0*k - 2*k = 80. Let c = -26 - k. What is the units digit of c?
4
Let v be (-1 - 3/3) + 3. Let t be v/((-1)/1) + 4. Suppose 0 = -7*y + t*y + 52. What is the tens digit of y?
1
Suppose u + 0 = 2. Suppose 0 = -u*k + 2, -2*k + 3 = -2*d - 3. What is the tens digit of d/1*105/(-10)?
2
Let k = 4 - 0. Suppose -2*i + k*z + 16 = 4, 3*i = z + 18. What is the units digit of i?
6
Suppose 791 = 3*q - u, -4*q = -6*q + 3*u + 518. What is the units digit of q?
5
Suppose -3*a + 67 = -173. Suppose 2*q + 26 = 2*d, q - a + 8 = -4*d. What is the tens digit of d?
1
Let v(h) = h**2 + 25. Let r be v(0). Let x = 18 + -13. Suppose -x = 2*s - r. What is the units digit of s?
0
Let t(r) = r - 2. Let j be t(2). Suppose -5*c + 22 + 8 = j. Suppose x + c = 3*w - 0*w, 0 = x. What is the units digit of w?
2
Suppose -44 = 2*x - 318. What is the units digit of x?
7
Let t = 0 + 1. What is the tens digit of (-5 - -6)/(t/11)?
1
What is the units digit of (-16)/(-6)*6/4?
4
Suppose -r + 2*r - 12 = 0. Let s be r/4 - (-1 + 0). Suppose 0 = -s*h + 2*h + 18. What is the units digit of h?
9
Let j(p) = -2*p - 6. Let c be 77 - (-2 - 4/(-1)). Let f be (-2)/(-6) - c/9. What is the tens digit of j(f)?
1
Let n(j) = j**2 + j + 2. Let r be n(0). Suppose 3*h = -2*f + 53, -r*f + 0*f - h + 51 = 0. What is the tens digit of f?
2
Let n(x) = -x**3 - 21*x**2 - 19*x + 42. What is the units digit of n(-20)?
2
Suppose 5*l - 12 = l. Let r = -1 + l. Suppose 0 + 4 = r*i. What is the units digit of i?
2
Suppose -4*o - 60 = o. Let t(f) = -2*f - 8. What is the units digit of t(o)?
6
Let v(o) = 2*o**2 - o + 2. Let y be v(2). What is the tens digit of y/12 + (-147)/(-9)?
1
Let f = -17 - -34. Suppose -47 = 4*j + f. Let o = -3 - j. What is the tens digit of o?
1
Let c = 30 - 1. What is the tens digit of c?
2
Suppose -3*d = -d - 3*k - 7, 5*d - 4*k - 21 = 0. Suppose -v = 1, o + 0*o = -d*v - 9. What is the units digit of 2/(-4) - 10/o?
2
Let n(a) = -a**2 + a. Let o(v) = 2*v**3 - 8*v**2 + 5*v. Let i(m) = 6*n(m) - o(m). Let g(k) = -k**2 - 2*k - 1. Let y be g(-2). What is the units digit of i(y)?
3
Let g = 32 - 23. Let l = g + -7. Suppose 0 = 5*y + 2*b - 64, -5*y - l*b = -b - 62. What is the units digit of y?
2
Suppose 2*x - 370 = 2*o, 0 = 3*x - 4*o - 0*o - 557. Suppose 10*q - x = 7*q. What is the tens digit of q?
6
Let u(h) = h**2 + 4*h - 3. Let r = 10 - 7. What is the units digit of u(r)?
8
Suppose 0*z - 2 = -2*z. Let t(i) = -4*i**3 + z + 5*i**3 - 2*i**3 + i. What is the units digit of t(0)?
1
Let l(g) be the second derivative of -g**5/60 - 5*g**4/12 - g**3/6 + 2*g. Let w(y) be the second derivative of l(y). What is the units digit of w(-7)?
4
Let l(r) = -r. Let m be l(-3). Suppose -v + g = 2, 2*v = -m*v - 2*g + 11. What is the units digit of 1*2 - (-2)/v?
4
Let w be (10/4)/(1/2). Let f = w - 7. Let h = f + 10. What is the units digit of h?
8
Suppose 5*t - 108 = 2*z, 3*t - z - 4*z - 80 = 0. Suppose -3*c + 65 = 2*c. Let q = t - c. What is the units digit of q?
7
Suppose 2*w - 5*q = 24, 5*w + 7 - 67 = 4*q. What is the units digit of w?
2
Let o = 51 + -20. Suppose -39 = -5*i + o. What is the units digit of i?
4
Suppose 0*s + s - 21 = -4*u, 11 = 2*u + s. Suppose -4*h + 47 = -133. Suppose u*o - 15 = h. What is the tens digit of o?
1
Suppose -4*p + 21 = -n, n - 3*p - 9 = -5*p. Let g = 2 - n. What is the units digit of g?
3
Suppose -3*c = -3*h + 69, c = h + 3*h - 89. What is the units digit of h?
2
Let p(c) = -2*c - 1. Let y be p(1). Let q(j) = j**3 + 5*j**2 + 3*j + 4. Let d be q(y). Suppose 0*n - n = -d. What is the units digit of n?
3
Let t(k) = -6*k**2 + 2*k. Let u be t(4). What is the tens digit of (7 + u)*(-1)/3?
2
Let k be 321/9 + 1/3. Suppose h + 2*h - k = 0. What is the tens digit of h?
1
Let j = 19 + -43. Let u be (-64)/j + (-1)/(-3). Suppose -3 - u = -2*p. What is the units digit of p?
3
Suppose -4*z + r + 79 = 0, -2*z + 67 = 5*r - 0*r. What is the units digit of z?
1
Suppose -2*g - 5*z + 159 = 0, -2*g + 34 = -4*z - 80. What is the tens digit of g?
6
Let h = 6 + -3. Suppose 0 = -4*y + 3*t + 17, -2*t = 5*y + h*t - 65. What is the units digit of 9/(2/y*2)?
8
Suppose 2*f - 3*d + 44 = 11, 0 = 5*f + 3*d + 30. Suppose -38 - 16 = -3*l. Let r = l + f. What is the units digit of r?
9
Suppose -3*n - 4*m + 10 = 0, n + 3*m - 4*m = 1. What is the units digit of n/8 + 318/8?
0
Let w(k) be the first derivative of 5*k**2/2 - 18*k - 1. What is the units digit of w(13)?
7
What is the tens digit of 3/(-18) - (-859)/6?
4
Suppose -5*o + 48 = -2*o. Suppose -4*f + 0*h + 4*h = -o, -5*f + 4*h + 20 = 0. What is the units digit of 2/(0 + 2) + f?
5
Suppose k - 17 = 113. What is the tens digit of k?
3
Suppose 35 + 175 = v. What is the hundreds digit of v?
2
Suppose -29 = 4*w + 35. Suppose -15 = 3*u + 2*u. What is the tens digit of (u + -3)/(6/w)?
1
Suppose 0 = 2*o + 5*t - 54 - 9, 0 = -4*o + 2*t + 162. What is the tens digit of o?
3
Let u(s) = 4*s + 2. What is the tens digit of u(12)?
5
Suppose -2*p = s - 83, 15 = 3*s + 2*s. What is the units digit of p/6 + (-14)/21?
6
Suppose -4*s + 2*o + 576 = -2*s, 5*o - 597 = -2*s. What is the units digit of 6/(-15) - s/(-15)?
9
Suppose -25 = -v - 5*j, -2*j + 21 = 2*v - 21. What is the units digit of v?
0
Suppose 0 = -4*k + 6*k - 8. Suppose -n - 4*n + 4*r = -50, -k*n - 5*r = 1. What is the units digit of n?
6
Suppose 4*r = 3*t + 50 - 18, 0 = -4*r - 2*t + 12. What is the units digit of (r + -1)*(-20)/(-16)?
5
Suppose 0*b + 2*b = -6, 0 = -4*p + 4*b + 12. Let x = 4 + 3. Let u = x - p. What is the units digit of u?
7
Let j = 61 + -35. Suppose 4*v - 34 = j. What is the units digit of v?
5
Suppose -2 = -b + 4. What is the units digit of 7 - b*(-3)/6?
0
Let b be ((-17)/2)/((-1)/2). Let m = 2 + b. What is the units digit of m?
9
Let r(n) = 22*n**3 - 4*n**2 + 3*n - 1. What is the units digit of r(1)?
0
Let y(q) = q**3 + 3*q**2 - 10*q + 5. Let l be y(-5). Suppose -3*a = -10 - l. What is the units digit of a?
5
Let m(l) = l. Let t be m(-7). What is the units digit of (-1)/7 + (-204)/t?
9
Suppose 0*s - 8 = -4*